3 + 36*a**2 + 457*a - 19072. Calculate y(28).
-4
Let d(c) = -3896*c + 23116. Calculate d(6).
-260
Let u(w) = -55390*w - 221690. What is u(-4)?
-130
Let a(x) = -x**2 + 197715*x - 2965382. What is a(15)?
118
Let j(h) = 62*h**2 - 860*h - 48. Determine j(15).
1002
Let y(q) = 3*q**2 - 56516*q + 3043116. Calculate y(54).
0
Let l(o) = -176*o + 2232. What is l(14)?
-232
Let g(n) = -n**2 + 554*n + 101241. What is g(-145)?
-114
Let o(x) = -41*x + 910. Give o(12).
418
Let b(j) = 2*j**3 + 26*j**2 - 171*j - 66. Calculate b(-18).
-228
Let o(z) = -1334*z**2 + 421557*z - 4109. What is o(316)?
-1
Let p(k) = 89*k - 1778. Give p(21).
91
Let h(t) = -t**2 - 848*t - 105787. Determine h(-696).
5
Let t(u) = 10*u**3 - 628*u**2 - 78*u - 3133. Determine t(63).
-109
Let c(t) = 26*t**2 + 722*t + 2354. Give c(-24).
2
Let i(c) = c**3 + 164*c**2 + 284*c - 7054. What is i(-162)?
-574
Let j(q) = -20*q**3 - 902*q**2 - 164*q - 3320. Give j(-45).
10
Let o(n) = -1086*n - 4130. Calculate o(-4).
214
Let x(c) = 8*c**2 + 39128*c - 78300. What is x(2)?
-12
Let w(d) = -35*d**2 + 36573*d + 38683. What is w(1046)?
-19
Let a(i) = -i**2 + 13528*i - 2442120. Calculate a(183).
15
Let a(l) = -128*l**3 - 20*l**2 + 17*l + 68. What is a(-3)?
3293
Let o(a) = -a**3 - 45*a**2 - 18*a - 298. Calculate o(-45).
512
Let p(k) = -42*k**2 - 391*k + 496. Calculate p(-10).
206
Let q(u) = -u**3 + 67*u**2 - 809*u - 364. Determine q(51).
-7
Let s(v) = 18861*v - 37733. Determine s(2).
-11
Let f(r) = -r**3 + 7*r**2 - 7*r - 441. What is f(0)?
-441
Let u(f) = f**2 + 264996*f + 6624281. What is u(-25)?
6
Let k(x) = -913*x + 32860. What is k(36)?
-8
Let j(p) = -632*p - 1338. Give j(-4).
1190
Let x(w) = -w**2 + 13229*w + 291529. Determine x(-22).
7
Let q(m) = 495099*m - 13367682. Give q(27).
-9
Let s(j) = 2*j**2 + 14049*j + 84205. Calculate s(-6).
-17
Let j(u) = -199*u**2 - 5375*u - 48. Give j(-27).
6
Let k(r) = r**3 - 69*r**2 + 78*r - 334. What is k(68)?
346
Let a(y) = 16*y**2 - 5256*y - 2059. Give a(329).
573
Let m(k) = -k**2 + 254*k - 15316. Calculate m(96).
-148
Let v(m) = m**3 - 137*m**2 + 2021*m - 10286. Give v(121).
-1
Let k(i) = -45866*i - 2568462. Give k(-56).
34
Let j(g) = -38*g**2 - 226*g + 30. Give j(-6).
18
Let a(z) = z**2 + 3158*z + 839440. Calculate a(-293).
-5
Let a(c) = -16*c**2 - 848*c - 845. What is a(-52)?
-13
Let b(f) = 13308*f + 345992. What is b(-26)?
-16
Let o(a) = -188609*a - 1508871. Give o(-8).
1
Let k(m) = 136868*m + 3558577. Calculate k(-26).
9
Let m(o) = o**2 - 8734*o + 61076. Determine m(7).
-13
Let j(a) = -121*a**2 - 1831*a - 305. Give j(-15).
-65
Let f(q) = -56*q - 3769. Give f(-70).
151
Let o(a) = 2*a**3 - 66*a**2 - 181*a + 3667. Give o(34).
-175
Let q(u) = -10841*u - 216823. Give q(-20).
-3
Let l(z) = -1597*z**3 - 11*z**2 + 38*z + 48. Calculate l(-1).
1596
Let h(g) = -234*g**2 + 794*g - 14. What is h(3)?
262
Let g(v) = 21*v**2 + 77*v + 30. Give g(-7).
520
Let u(r) = 14*r**2 + 556*r + 708. Give u(-39).
318
Let h(p) = -17*p**2 + 193*p - 1530. What is h(8)?
-1074
Let o(x) = -5466*x + 1388370. Determine o(254).
6
Let y(f) = -5598*f - 10031607. Determine y(-1792).
9
Let d(x) = x**3 + 14*x**2 - 2653*x + 10326. What is d(4)?
2
Let w(f) = -10*f**3 - 4683*f**2 - 1395*f + 4209. Give w(-468).
-3
Let g(p) = -48*p**2 + 843*p - 2588. What is g(4)?
16
Let k(l) = 2*l**3 - 89*l**2 + 741*l + 987. Give k(13).
-27
Let c(y) = 6*y**3 - 150*y**2 + 274*y - 72. Determine c(23).
-118
Let a(q) = 6*q**2 + 1807*q + 90066. Give a(-238).
-136
Let p(y) = 1732*y + 478039. What is p(-276)?
7
Let d(s) = -736*s - 100085. Determine d(-136).
11
Let z(f) = 1449*f + 234732. Calculate z(-162).
-6
Let z(v) = -11303*v + 56501. Determine z(5).
-14
Let z(j) = -j**3 + 180*j**2 - 1767*j + 659. What is z(10)?
-11
Let d(i) = 11319*i - 599702. Determine d(53).
205
Let o(s) = -596400*s - 6560386. Give o(-11).
14
Let l(s) = 13*s**3 + 91*s - 123. Determine l(0).
-123
Let k(z) = 13*z**3 - 184*z**2 - 140*z - 22. Give k(15).
353
Let m(v) = -v**2 - 56293*v + 9428822. What is m(167)?
2
Let h(t) = -64*t**3 + 4038*t**2 - 373*t - 330. What is h(63)?
-15
Let q(g) = -204*g - 26915. What is q(-135)?
625
Let v(s) = 9015*s - 116574. Calculate v(13).
621
Let b(z) = -1605*z + 3284. Determine b(2).
74
Let o(u) = 17*u**2 + 996*u + 3996. Calculate o(-4).
284
Let g(k) = -1822*k - 1474007. Determine g(-809).
-9
Let f(h) = h**3 - 4*h**2 - 280*h + 2241. What is f(11)?
8
Let k(j) = 4*j**2 - 16720*j - 505212. What is k(-30)?
-12
Let n(m) = 4341*m + 168511. Calculate n(-38).
3553
Let y(p) = -30120*p - 32098. What is y(-1)?
-1978
Let k(w) = w**3 + 561*w**2 - 3955*w - 188. Give k(7).
-41
Let x(t) = t**3 + 329*t**2 - 5536*t + 120. Calculate x(16).
-136
Let s(j) = -2027*j - 85988. Calculate s(-42).
-854
Let w(x) = -43*x**3 - 3*x**2 + 210*x + 681. Give w(-3).
1185
Let k(m) = 7482*m + 37395. Determine k(-5).
-15
Let m(k) = k**2 + 417*k + 20486. Determine m(-57).
-34
Let f(g) = 6499*g + 233962. Determine f(-36).
-2
Let g(r) = -r**3 + 188*r**2 + 772*r - 417. Calculate g(192).
351
Let v(d) = -2809*d - 19658. Calculate v(-7).
5
Let w(x) = x**3 - 302*x**2 - 3112*x - 2487. Calculate w(312).
9
Let l(k) = 2*k**3 - 124*k**2 - 2121*k - 451. Determine l(76).
81
Let o(f) = -2527*f - 50640. Calculate o(-20).
-100
Let p(n) = -3*n**3 - 5*n**2 - 186*n + 1280. Give p(7).
-1296
Let c(s) = -8672*s - 468091. Calculate c(-54).
197
Let c(a) = 11*a**3 - 46*a**2 + 79*a - 16. What is c(2)?
46
Let c(n) = -37*n**2 - 440*n + 19901. What is c(18)?
-7
Let t(g) = 9227*g + 7095628. Give t(-769).
65
Let r(x) = 33428*x - 568294. Calculate r(17).
-18
Let u(h) = 4978*h + 263818. What is u(-53)?
-16
Let v(s) = -8*s**2 + 296*s + 111. Give v(40).
-849
Let w(o) = o**2 + 10631*o - 341215. What is w(32)?
1
Let f(d) = 726*d - 42790. Determine f(59).
44
Let c(h) = 65*h**3 - 3*h**2 - 23867*h - 47728. Calculate c(-2).
-526
Let z(u) = 111*u**2 + 857*u + 1149. Determine z(-6).
3
Let l(o) = -o**3 + 30*o**2 - 353*o + 1965. What is l(16)?
-99
Let a(y) = -y**3 - 202*y**2 - 210*y - 1760. Give a(-201).
49
Let s(g) = -3*g**3 + 12*g**2 - 6076*g + 36367. What is s(6)?
-305
Let p(l) = -11933*l - 1169431. Give p(-98).
3
Let l(i) = 263*i + 1447. Determine l(-4).
395
Let x(m) = -m**3 - 53*m**2 - 405*m - 8014. Calculate x(-48).
-94
Let n(t) = -t**3 + 49*t - 97. Give n(2).
-7
Let w(r) = r**3 - 11*r**2 + 105*r - 531. Determine w(13).
1172
Let y(k) = 1494*k + 708166. Calculate y(-474).
10
Let m(d) = d**3 + 1312*d**2 + 7920*d + 509. What is m(-6)?
5
Let o(u) = 11*u**2 - 565*u - 1206. Give o(53).
-252
Let n(i) = -2*i**2 - 199*i - 1053. Calculate n(-83).
1686
Let v(f) = 976*f - 348625. Determine v(358).
783
Let v(r) = 2*r**3 - 49*r**2 - 303*r + 296. Determine v(29).
-922
Let c(p) = 28148*p + 3631105. Give c(-129).
13
Let v(p) = 4*p**2 - 882*p - 13112. Calculate v(-14).
20
Let i(m) = -6014*m + 204200. Give i(34).
-276
Let l(w) = -w**3 - 320*w**2 + 10893*w + 4185. Calculate l(-351).
-27
Let d(f) = 9*f**2 + 342*f - 103675. Give d(90).
5
Let p(s) = 561*s + 3579. Calculate p(-5).
774
Let k(a) = -3*a**3 + 827*a**2 + 5081*a + 68. Calculate k(-6).
2
Let a(t) = 2571*t + 18150. Determine a(-7).
153
Let n(g) = -g**3 + 23*g**2 + 86*g - 2059. Determine n(23).
-81
Let u(m) = -8117*m - 24497. Calculate u(-3).
-146
Let s(j) = -j**3 + 272*j**2 + 2312*j - 20163. What is s(280)?
-3
Let w(g) = -425*g - 190818. Calculate w(-449).
7
Let y(p) = -179*p**2 + 1515*p + 7583. Give y(12).
-13
Let q(s) = 63*s**2 + 2402*s + 7212. Give q(-3).
573
Let k(s) = -14736*s - 9239473. Give k(-627).
-1
Let b(d) = 2*d**3 - 52*d**2 + 154*d + 224. Determine b(22).
-260
Let q(n) = -120*n**3 + 356*n**2 - 2*n + 7. What is q(3)?
-35
Let c(n) = -537*n + 99486. Determine c(186).
-396
Let a(q) = -22790*q + 2689176. Calculate a(118).
-44
Let r(b) = -3*b**3 + 177*b**2 + 169*b + 7. Give r(60).
-653
Let d(i) = 2*i**2 - 6422*i - 38635. Calculate d(-6).
-31
Let u(n) = 20390*n**2 + 61094*n - 229. Calculate u(-3).
-1
Let r(s) = 45*s**3 + 3*s**2 - 150*s + 427. What is r(3)?
1219
Let g(z) = 8*z**3 - 29*z**2 + 154*z + 433. What is g(-2)?
-55
Let g(j) = -2*j**2 - 1129*j - 101707. What is g(-452)?
-7
Let x(g) = 4913*g + 363463. Give x(-74).
-99
Let a(r) = r**3 + 134*r**2 - 7025*r - 11324. What is a(-174)?
-14
Let a(h) = -9656*h - 16. What is a(0)?
-16
Let l(q) = 2*q**3 + 161*q**2 + 573*q - 1